15) to base 6
-1
Convert -1 (base 12) to base 15.
-1
312 (base 4) to base 11
4a
-2 (base 15) to base 9
-2
Convert -11 (base 12) to base 6.
-21
Convert -ba (base 13) to base 10.
-153
-4 (base 5) to base 4
-10
Convert -4 (base 12) to base 5.
-4
What is -3 (base 16) in base 13?
-3
Convert 43 (base 14) to base 13.
47
Convert b6 (base 14) to base 12.
114
What is -10011000 (base 2) in base 5?
-1102
What is 111 (base 2) in base 6?
11
-6 (base 13) to base 4
-12
What is -7 (base 8) in base 5?
-12
Convert 2 (base 13) to base 16.
2
What is 1 (base 10) in base 5?
1
-1 (base 11) to base 3
-1
Convert -6 (base 8) to base 7.
-6
-1 (base 9) to base 11
-1
-36 (base 8) to base 3
-1010
-2 (base 9) to base 13
-2
Convert 2 (base 13) to base 5.
2
50 (base 6) to base 2
11110
What is 4 (base 9) in base 14?
4
Convert 15 (base 13) to base 6.
30
-5 (base 14) to base 7
-5
Convert 0 (base 6) to base 15.
0
Convert 49 (base 11) to base 5.
203
2 (base 10) to base 7
2
-1100100 (base 2) to base 11
-91
Convert bb (base 13) to base 5.
1104
What is 4 (base 8) in base 15?
4
-122 (base 4) to base 13
-20
What is -34 (base 13) in base 7?
-61
6 (base 11) to base 12
6
What is -22 (base 8) in base 12?
-16
50 (base 14) to base 16
46
3 (base 6) to base 5
3
1 (base 4) to base 16
1
Convert -10 (base 2) to base 8.
-2
What is -3 (base 9) in base 13?
-3
Convert -14 (base 5) to base 7.
-12
-1 (base 5) to base 2
-1
What is 8b (base 16) in base 11?
117
What is -59 (base 12) in base 5?
-234
-5 (base 6) to base 15
-5
What is 3 (base 10) in base 14?
3
1 (base 8) to base 9
1
What is -23 (base 7) in base 8?
-21
What is -24 (base 8) in base 3?
-202
What is 3 (base 9) in base 8?
3
What is -1 (base 4) in base 2?
-1
What is 17 (base 8) in base 7?
21
-462 (base 8) to base 15
-156
3 (base 16) to base 12
3
What is 0 (base 11) in base 4?
0
444 (base 7) to base 3
22110
Convert 172 (base 8) to base 7.
233
What is 10011 (base 2) in base 13?
16
8 (base 10) to base 5
13
Convert 11101000 (base 2) to base 8.
350
What is -21 (base 4) in base 16?
-9
What is 29 (base 16) in base 11?
38
Convert -10033 (base 4) to base 8.
-417
Convert 10 (base 7) to base 11.
7
4 (base 7) to base 15
4
2 (base 5) to base 2
10
What is 2 (base 5) in base 12?
2
Convert 1 (base 7) to base 11.
1
35 (base 6) to base 5
43
What is 3 (base 7) in base 16?
3
Convert -1 (base 7) to base 8.
-1
What is -410 (base 5) in base 3?
-10220
What is -1110 (base 2) in base 7?
-20
-b (base 16) to base 3
-102
Convert -71 (base 14) to base 4.
-1203
33 (base 8) to base 7
36
Convert -11 (base 11) to base 2.
-1100
What is 36 (base 12) in base 7?
60
-12 (base 3) to base 7
-5
What is -7 (base 12) in base 7?
-10
What is -1011 (base 3) in base 15?
-21
Convert -1101 (base 2) to base 7.
-16
What is 18 (base 12) in base 14?
16
0 (base 12) to base 13
0
6b (base 12) to base 7
146
-1220 (base 3) to base 12
-43
Convert -2 (base 15) to base 14.
-2
Convert 2 (base 13) to base 12.
2
What is -4 (base 9) in base 4?
-10
What is -3 (base 6) in base 4?
-3
Convert 1010 (base 4) to base 11.
62
Convert -38 (base 9) to base 4.
-203
What is 11c (base 13) in base 3?
21012
16 (base 8) to base 3
112
Convert 43 (base 11) to base 5.
142
What is -4 (base 5) in base 9?
-4
Convert 140 (base 6) to base 5.
220
What is -6 (base 9) in base 15?
-6
Convert 10 (base 9) to base 13.
9
What is -45 (base 8) in base 10?
-37
What is 0 (base 11) in base 9?
0
Convert -25 (base 6) to base 7.
-23
0 (base 10) to base 12
0
22 (base 5) to base 15
c
-32 (base 6) to base 7
-26
9 (base 15) to base 9
10
184 (base 10) to base 14
d2
Convert -32 (base 11) to base 2.
-100011
Convert 1 (base 6) to base 14.
1
-f (base 16) to base 2
-1111
-21 (base 14) to base 5
-104
What is -32 (base 7) in base 11?
-21
What is 52 (base 6) in base 16?
20
Convert 11 (base 4) to base 3.
12
Convert -204 (base 5) to base 9.
-60
What is 1 (base 6) in base 14?
1
10 (base 5) to base 10
5
What is -3 (base 12) in base 7?
-3
81 (base 9) to base 10
73
c (base 16) to base 3
110
1 (base 15) to base 5
1
7 (base 16) to base 11
7
0 (base 9) to base 6
0
Convert 31 (base 7) to base 12.
1a
Convert 13 (base 14) to base 10.
17
What is -54 (base 15) in base 7?
-142
-16 (base 7) to base 16
-d
34 (base 6) to base 2
10110
Convert -1 (base 5) to base 3.
-1
Convert 303 (base 11) to base 4.
11232
Convert -3 (base 4) to base 2.
-11
Convert -10 (base 7) to base 12.
-7
What is 111001 (base 2) in base 14?
41
1320 (base 4) to base 3
11110
Convert -11010 (base 2) to base 15.
-1b
Convert 20 (base 12) to base 7.
33
What is 1 (base 11) in base 16?
1
What is -2a (base 14) in base 7?
-53
What is 4 (base 13) in base 5?
4
Convert -5 (base 13) to base 4.
-11
1110 (base 2) to base 6
22
Convert 3 (base 14) to base 11.
3
-23 (base 14) to base 2
-11111
1 (base 9) to base 5
1
What is 9 (base 13) in base 4?
21
-1022 (base 3) to base 11
-32
Convert c (base 16) to base 10.
12
Convert 16 (base 11) to base 14.
13
-257 (base 8) to base 14
-c7
-1344 (base 5) to base 16
-e0
356 (base 7) to base 11
161
Convert 236 (base 11) to base 8.
431
0 (base 4) to base 3
0
-1011 (base 5) to base 6
-335
What is 122 (base 3) in base 8?
21
Convert -17 (base 16) to base 8.
-27
Convert 1 (base 6) to base 13.
1
What is 110011 (base 2) in base 10?
51
Convert -400 (base 5) to base 3.
-10201
What is 3d (base 16) in base 5?
221
What is 4 (base 12) in base 15?
4
Convert 43 (base 6) to base 2.
11011
1320 (base 4) to base 15
80
Convert 16 (base 8) to base 16.
e
What is 6 (base 14) in base 5?
11
Convert -11 (base 3) to base 4.
-10
Convert 1 (base 6) to base 10.
1
What is dd (base 15) in base 3?
21201
-2 (base 7) to base 11
-2
6 (base 8) to base 9
6
What is 4 (base 15) in base 5?
4
What is 6 (base 11) in base 10?
6
Convert -234 (base 10) to base 7.
-453
Convert -25 (base 14) to base 4.
-201
What is 22 (base 5) in base 6?
20
-2 (base 7) to base 4
-2
Convert -21 (base 4) to base 5.
-14
201 (base 5) to base 10
51
10001 (base 2) to base 15
12
0 (base 10) to base 4
0
What is 5 (base 11) in base 4?
11
What is 10 (base 3) in base 10?
3
-2 (base 11) to base 6
-2
What is 1001 (base 2) in base 16?
9
Convert 66 (base 12) to base 11.
71
39 (base 16) to base 15
3c
Convert 9 (base 15) to base 10.
9
What is -4 (base 16) in base 10?
-4
Convert -185 (base 11) to base 15.
-e4
Convert 1 (base 2) to base 16.
1
Convert 11 (base 6) to base 4.
13
What is -1 (base 6) in base 11?
-1
Convert -201 (base 4) to base 7.
-45
What is 2 (base 15) in base 16?
2
Convert -a (base 13) to base 5.
-20
-2 (base 13) to base 14
-2
Convert 23 (base 4) to base 12.
b
Convert -b (base 14) to base 2.
-1011
What is 1120 (base 4) in base 9?
107
2 (base 4) to base 10
2
What is -6 (base 14) in base 11?
-6
25 (base 9) to base 4
113
Convert -6 (base 7) to base 12.
-6
What is -2 (base 13) in base 7?
-2
What is -3 (base 16) in base 10?
-3
What is 1 (base 8) in base 4?
1
Convert -1 (base 2) to base 5.
-1
Convert -2 (base 7) to base 6.
-2
What is -9 (base 12) in base 15?
-9
What is -1230 (base 4) in base 5?
-413
60 (base 14) to base 15
59
-11 (base 3) to base 10
-4
Convert 22 (base 16) to base 15.
24
10 (base 2) to base 16
2
Convert 1102 (base 4) to base 8.
122
What is 11 (base 2) in base 7?
3
-30 (base 4) to base 12
-10
What is -1 (base 16) in base 10?
-1
What is -100 (base 2) in base 16?
-4
What is -6 (base 9) in base 12?
-6
What is -3 (base 8) in base 13?
-3
What is 7c (base 16) in base 14?
8c
Convert 11 (base 2) to base 9.
3
2a (base 14) to base 13
2c
45 (base 10) to base 11
41
Convert 20012 (base 3) to base 6.
435
-124 (base 11) to base 2
-10010011
-2 (base 6) to base 7
-2
Convert -8 (base 16) to base 12.
-8
1 (base 4) to base 15
1
Convert -1214 (base 6) to base 3.
-102001
6 (base 10) to base 4
12
What is 2 (base 6) in base 4?
2
-220 (base 6) to base 8
-124
-21 (base 6) to base 11
-12
What is -343 (base 8) in base 16?
-e3
-5 (base 12) to base 8
-5
-330 (base 7) to base 10
-168
What is 3 (base 7) in base 13?
3
What is -20 (base 13) in base 10?
-26
Convert -242 (base 9) to base 13.
-125
-5 (base 14) to base 7
-5
What is -276 (base 8) in base 16?
-be
What is -1 (base 11) in base 7?
-1
Convert -22 (base 7) to base 16.
-10
Convert 21 (base 13) to base 3.
1000
-3 (base 13) to base 9
-3
-11 (base 3) to base 6
-4
Convert 2 (base 6) to base 14.
2
Convert -6 (base 15) to base 13.
-6
C